e the highest common divisor of j and 88.
11
Let i(l) = l**3 + 5*l**2 + l + 2. Let j be i(-5). Let g be j - (-3)/3 - -46. Let n = g - 14. Calculate the highest common divisor of n and 20.
10
Let s be (0/2)/(-4 + 0). Suppose -5*j - 3*r + 59 = s, 0*j - 5*j + 38 = -4*r. What is the greatest common factor of j and 15?
5
Suppose 4*o = o + 30. Suppose p = 6*p - 5*m - 30, -5*m = -p + o. Let d be (2 - -3)/(2/8). Calculate the highest common divisor of d and p.
5
Let f = -8 - -10. Suppose 0 = 5*c - 93 - f. What is the greatest common factor of c and 171?
19
Let s(l) = -4 - 5*l + 8 + 4*l. Let k be s(-6). Suppose 2*w + 3*w = j - 65, -5*w + 75 = j. Calculate the greatest common factor of k and j.
10
Suppose 5*r - 132 = 88. What is the highest common factor of r and 11?
11
Suppose u - 4 = -u. Let c be (2 + -36)*(-1)/u. What is the greatest common divisor of c and 51?
17
Let s be 161/(-4) - (-7)/28. Let g be 2/6 + s/12. Let y be g/((-9)/(-6)) + 11. Calculate the greatest common divisor of y and 99.
9
Let r = -25 + 53. Suppose 0*k + 2*k - r = 0. What is the greatest common factor of k and 35?
7
Suppose -2*m = 6 - 0, -51 = -3*b - 4*m. Let d be (2/4)/((-7)/182). Let s = 27 + d. Calculate the greatest common factor of b and s.
7
Suppose -i + 4*g = -26, i = 5*g + 41 - 10. Let z = -119 - -134. What is the greatest common divisor of z and i?
3
Suppose -41 = -5*a + 3*p, -p + 2*p = 3*a - 23. What is the highest common divisor of a and 21?
7
Suppose -4*z = -9*z + 650. What is the greatest common factor of z and 52?
26
Suppose -3*w - l = -90, 0*l = -l. Calculate the highest common factor of 90 and w.
30
Let v(c) be the second derivative of 2*c**3/3 - 11*c**2/2 + 4*c. Let d be v(6). What is the highest common divisor of d and 39?
13
Let g = 331 + -281. Let b be (-1 - 39)*1/(-2). What is the highest common divisor of b and g?
10
Suppose 5 - 93 = -4*g. Suppose -4 + g = 2*y. Let c be 2/(-4)*18*2/(-1). What is the greatest common factor of y and c?
9
Let i = 49 + -19. Calculate the highest common factor of 20 and i.
10
Let x(i) = i**3 + 8*i**2 + 6*i - 5. Let a be x(-5). Let l = 1 + 1. Let t(j) = j**2. Let m be t(l). What is the highest common divisor of m and a?
4
Suppose -4*g + 12 = -4*p, -4*g = -2*p - p - 12. Calculate the highest common divisor of g and 15.
3
Let u = 27 - 15. Suppose 3*x = -11 + 143. Suppose l = -v - 0*l + 56, -v + x = 4*l. What is the highest common divisor of v and u?
12
Let i = 350 - 300. Suppose 8*m - 3*m = 50. What is the greatest common divisor of i and m?
10
Suppose -4*r + 28 = 4. Suppose m = -0*m + r. Calculate the greatest common factor of m and 18.
6
Let u = 32 - 15. Suppose -k + 10 + u = -3*d, -k + 23 = -5*d. Let q = 7 + k. Calculate the greatest common factor of q and 8.
8
Let r(k) = -3*k - 21. Let a be r(-8). Calculate the highest common factor of 3 and a.
3
Suppose 2*q + 60 = -q. Let t be (132/5)/((-6)/q). Let s be t/14 + 2/(-7). Calculate the greatest common divisor of s and 9.
3
Let l = 853 - 559. Suppose 2*r = -r + l. Suppose 5*u - 3*u - r = 0. Calculate the greatest common divisor of 7 and u.
7
Suppose 7*v - 208 = 4*v + 4*i, 0 = -2*i - 8. Calculate the greatest common factor of 8 and v.
8
Let l = -2 - -18. Calculate the greatest common factor of l and 80.
16
Let o(q) = -7*q - 6. Let s be o(-6). What is the greatest common divisor of 4 and s?
4
Suppose 42 = v - 3. Calculate the greatest common factor of 30 and v.
15
Let f(i) = i + 13. Let o be f(15). What is the highest common factor of 196 and o?
28
Let j = -69 - -153. Let u = 56 - 34. Let h = u + -10. Calculate the greatest common factor of j and h.
12
Let t = -9 + 33. Suppose -45 - 3 = -8*q. What is the greatest common divisor of q and t?
6
Let h be 220/(-6)*(-12)/5. Suppose 2*t - 10 = 0, 0 = -5*w - 3*t - t + 75. Calculate the highest common divisor of w and h.
11
Suppose 8*w - 390 = 3*w. What is the greatest common divisor of w and 39?
39
Let f be 48/22 - 12/66. Let t = -1 - -5. Suppose 5*n = t + 1. Calculate the highest common divisor of n and f.
1
Suppose -z + 0 = -3. Suppose 2*o + 40 = -0. Let v be (o/(-6))/(1/z). Calculate the highest common divisor of 15 and v.
5
Let t be (-5)/((-270)/2418) + (-4)/(-18). What is the highest common factor of t and 75?
15
Let d be (-2 - (-8 - -2))*-12. Let v be 90/9*d/(-10). Calculate the highest common factor of 16 and v.
16
Let u be 6/(-36) + (-74)/(-12). Calculate the greatest common factor of u and 54.
6
Let b = 26 + 51. Calculate the greatest common divisor of 7 and b.
7
Suppose 0 = 2*n - 77 + 13. Let j = 20 - -28. What is the greatest common factor of n and j?
16
Let v = 6 - 4. Suppose -v*l + 36 = l. What is the highest common divisor of 36 and l?
12
Let m(j) be the third derivative of 0 - 2*j**2 + 0*j + 1/24*j**4 + 1/3*j**3. Let q be m(7). What is the highest common divisor of 18 and q?
9
Suppose 78 = 5*z - 642. Suppose 0 = 2*f - 5*f + 99. Let y = f - 15. What is the highest common factor of z and y?
18
Let m be -3*(30/(-27))/((-3)/(-18)). What is the highest common factor of 5 and m?
5
Suppose 0 = 3*i - 353 - 307. Calculate the greatest common divisor of 20 and i.
20
Let x be 12*(2 + 1)/12. Suppose -4*g + 93 = -x*r + 4, -4*r + 28 = 2*g. Calculate the highest common divisor of 60 and g.
20
Let z(w) = 20*w**3 - 4*w + 8. Let q be z(2). Calculate the highest common divisor of q and 40.
40
Let h = 33 + 2. Suppose -4 - 24 = -2*i. What is the greatest common divisor of i and h?
7
Suppose -3*c = 2*s - 19, 1 - 23 = -5*s + c. Calculate the greatest common factor of s and 25.
5
Suppose 2*i + f = 46, -4*f - f = 2*i - 38. What is the greatest common factor of 6 and i?
6
Let z be 0 - (-3 - (-3 + 3)). Suppose -w = -i - 4*i + 18, -6 = z*i + 5*w. Suppose 2*c - 13 = i. Calculate the highest common divisor of c and 1.
1
Suppose 5*g = -2*f - f + 98, 54 = 3*g + 3*f. Calculate the greatest common factor of g and 77.
11
Let x be 2118/33 - (-2)/(-11). Calculate the highest common factor of x and 24.
8
Suppose -6*u = -2*u - 48. Let i(p) = -18*p - 16*p - 13*p - 4 + 3*p. Let b be i(-2). Calculate the greatest common factor of b and u.
12
Let h be (-486)/(-63)*14/3. Suppose -3*k + 6*k = h. Calculate the highest common divisor of 4 and k.
4
Let g = 299 + -35. Calculate the greatest common divisor of 24 and g.
24
Suppose 5*b = -2*k + 21, 3*k + 3 = 4*b - 0*k. Suppose -b*m = m - 8. Calculate the highest common divisor of 12 and m.
2
Let f = -6 + 29. Let w = -7 + f. Suppose 0 = -4*a + 8, 0 = 4*j + 3*a - 694 + w. What is the highest common factor of j and 21?
21
Suppose -2*n - 52 = -2*z, -4*z + 110 = -2*n + n. Calculate the greatest common factor of 4 and z.
4
Suppose -2*r + 0*r + 76 = -2*a, 5*a = 10. What is the highest common divisor of r and 100?
20
Let i(h) = -h**3 + 2*h**2 + 3*h + 2. Let l be (-4)/(-3)*(-15)/10. Let x be i(l). Calculate the highest common factor of 132 and x.
12
Suppose 4*n + n = 20. Suppose 27 - 103 = -n*q. What is the greatest common divisor of 152 and q?
19
Let a be (-14 + 20)/((-3)/(-2)). What is the highest common factor of a and 36?
4
Suppose l = -l + 54. What is the greatest common divisor of l and 9?
9
Suppose t - 3*t = -4. Suppose -2*x = t*x - 132. Suppose s = -3*b - 3*s - 7, 26 = 2*b - 5*s. What is the greatest common factor of x and b?
3
Suppose q + 5*d - 34 + 1 = 0, 59 = 3*q + 5*d. What is the greatest common divisor of 65 and q?
13
Let l(r) = -r**3 - 2*r**2 - r. Let s be l(-2). Suppose 18 = -2*y + 3*y + 3*p, s*y = -5*p + 34. Let f = 15 + 9. What is the greatest common factor of y and f?
12
Suppose 0 = 4*l - 3*l + 5. Let a = l - -23. Suppose -5*h - 2*n + 990 = 0, -2*h + 198 = -h + 4*n. What is the greatest common divisor of h and a?
18
Suppose 8*p = 3*p + 550. Suppose 2*n - 5*d + 339 = p, 15 = -3*d. Let u = -91 - n. What is the greatest common factor of 24 and u?
12
Let y be (10/4)/((-1)/(-2)). Suppose 2*w - 20 = -5*i + 2, -5*i = -y*w + 55. Calculate the greatest common divisor of 11 and w.
11
Let l(d) = d**2 + 3*d - 1. Let g be l(-2). Let h = g + 3. Suppose 0*o - o + 45 = h. Calculate the highest common divisor of 5 and o.
5
Let x = -131 + 316. What is the highest common factor of x and 74?
37
Let t be -1 - 2/1 - -6. Suppose t*o = o + 46. Calculate the highest common factor of 184 and o.
23
Suppose 0 = c - 2 - 23. Let t be 5/(-10) -